{"id":30,"date":"2021-10-18T13:03:45","date_gmt":"2021-10-18T11:03:45","guid":{"rendered":"https:\/\/wp.kista.pl\/?post_type=product&#038;p=30"},"modified":"2021-10-18T13:03:47","modified_gmt":"2021-10-18T11:03:47","slug":"roller-z-krysztalu-gorskiego-alaya-stone","status":"publish","type":"product","link":"https:\/\/wp.kista.pl\/index.php\/produkt\/roller-z-krysztalu-gorskiego-alaya-stone\/","title":{"rendered":"Roller z kryszta\u0142u g\u00f3rskiego Alaya Stone"},"content":{"rendered":"<p>Kryszta\u0142 g\u00f3rski jest matk\u0105 wszystkich kryszta\u0142\u00f3w, przywraca r\u00f3wnowag\u0119 miedzy naszym cia\u0142em i dusz\u0105. Oczyszczaj\u0105ca moc rollera nie tylko wp\u0142ywa na jako\u015b\u0107 naszej sk\u00f3ry oczyszczaj\u0105c j\u0105 z toksyn ale tak\u017ce zwi\u0119ksza nasz\u0105 samo\u015bwiadomo\u015b\u0107 w tym co dzieje si\u0119 tu i teraz. Kamie\u0144 ten otwiera nasze blokady poch\u0142aniaj\u0105c sob\u0105 wszystkie emocje kt\u00f3re nam towarzysz\u0105 w ci\u0105gu zabieganego dnia. Zamiast skupia\u0107 swoje my\u015bli na obowi\u0105zkach pozw\u00f3l sobie odp\u0142yn\u0105\u0107, zanurz si\u0119 w tym momencie, otw\u00f3rz oczy i sprawd\u017a dok\u0105d zaprowadzi\u0142a Ci\u0119 praca z rollerem.\u00a0 Przekonasz si\u0119 jakie to przyjemne uczucie, pozby\u0107 si\u0119 zmartwie\u0144 i wspom\u00f3c przep\u0142yw krwi w organizmie. Systematyczny masa\u017c twarzy zminimalizuje oznaki starzenia i pomo\u017ce w walce ze zmarszczkami.<\/p>\n<p><strong>Dzia\u0142anie:<br \/>\n<\/strong>* zwi\u0119ksza elastyczno\u015b\u0107 sk\u00f3ry<strong><br \/>\n<\/strong>* poprawia kr\u0105\u017cenie krwi<strong><br \/>\n<\/strong>* minimalizuje cienie pod oczami<strong><br \/>\n<\/strong>* sp\u0142yca zmarszczki<strong><br \/>\n<\/strong>* wspomaga wnikanie sk\u0142adnik\u00f3w aktywnych z kosmetyk\u00f3w<br \/>\n* zmniejsza stany zapalne<br \/>\n* minimalizuje rozszerzone pory<br \/>\n* relaksuje<\/p>\n<p><strong>kamie\u0144: <\/strong>wszystkich czakr<br \/>\n<strong>kolor: <\/strong>bezbarwny, mlecznobia\u0142y<br \/>\n<strong>znak zodiaku: <\/strong>Baran, Rak, Skorpion, Wodnik, Strzelec, Kozioro\u017cec<br \/>\n<strong>wymiary masa\u017cera:<\/strong> 15,5 cm wysoko\u015bci na 5,5 cm szeroko\u015bci<br \/>\n<strong>waga:<\/strong> 250 gram<\/p>\n<p><strong>Spos\u00f3b u\u017cycia<\/strong><br \/>\nMasa\u017c mo\u017cesz wykona\u0107 na oczyszczonej twarzy lub na\u0142o\u017cy\u0107 ulubiony olejek b\u0105d\u017a mask\u0119 w p\u0142achcie, nast\u0119pnie wykonaj masa\u017c zaczynaj\u0105c od wn\u0119trza twarzy kieruj\u0105c si\u0119 do zewn\u0119trznej cz\u0119\u015bci, czo\u0142o mo\u017cesz masowa\u0107 od \u015brodka do zewn\u0105trz natomiast szyje z g\u00f3ry na d\u00f3\u0142. Do zam\u00f3wienia otrzymasz instrukcj\u0119 obs\u0142ugi z kt\u00f3rej zawsze mo\u017cesz korzysta\u0107. Dodatkowe ukojenie uzyskasz podczas masa\u017cu zimnym kamieniem, aby to osi\u0105gn\u0105\u0107 w\u0142\u00f3\u017c masa\u017cer do lod\u00f3wki lub zawsze trzymaj go w ch\u0142odnym miejscu, nie b\u0119dziesz musia\u0142a pami\u0119ta\u0107 o sch\u0142odzeniu rollera gdy zapragniesz go u\u017cy\u0107. Pami\u0119taj aby dba\u0107 o higien\u0119 swojego masa\u017cera. Po piel\u0119gnacji przemyj masa\u017cer wilgotn\u0105 \u015bciereczkom, a nast\u0119pnie przetrzyj do sucha.<br \/>\n<strong>Przechowywanie<\/strong><br \/>\nZaleca si\u0119 przechowywanie masa\u017cera w do\u0142\u0105czonym woreczku w ciemnym miejscu lub w lod\u00f3wce dla spot\u0119gowania dzia\u0142ania ch\u0142odu.<br \/>\n<strong>Dodatkowe informacje<br \/>\n<\/strong>Do produkcji masa\u017cera u\u017cyty zosta\u0142 naturalny materia\u0142 dlatego wygl\u0105d kt\u00f3ry przypomina zamarzni\u0119te krople wody jest czym\u015b naturalnym i nie wp\u0142ywa na jako\u015b\u0107.<strong><br \/>\n<\/strong><\/p>\n","protected":false},"excerpt":{"rendered":"<p><strong>Kryszta\u0142 g\u00f3rski &#8211; swoim wygl\u0105dem przypomina zimn\u0105 g\u00f3rsk\u0105 wod\u0119<\/strong><br \/>\n&#8211; nazywany przez wielu diamentem<br \/>\n&#8211; masa\u017cer wykonany zosta\u0142 z naturalnego kamienia o nietuzinkowym kolorze a nast\u0119pnie obrobiony r\u0119cznie<br \/>\n&#8211; zaokr\u0105glona r\u0105czka idealnie dopasowuje si\u0119 do d\u0142oni<br \/>\n&#8211; roller zako\u0144czony miedzianymi ko\u0144c\u00f3wkami w kolorze srebra<br \/>\n\u2013 do masa\u017cera Alaya Stone do\u0142\u0105czony zostanie elegancji woreczek oraz instrukcj\u0119 obs\u0142ugi<br \/>\n\u2013 wi\u0119cej informacji jak wykorzysta\u0107 nasz masa\u017cer do twarzy znajdziesz na Instagramie Alaya Stone<\/p>\n","protected":false},"featured_media":31,"comment_status":"open","ping_status":"closed","template":"","meta":[],"class_list":["post-30","product","type-product","status-publish","has-post-thumbnail","hentry","product_cat-masazery-do-twarzy","product_tag-krysztal-gorski","product_tag-masazer","product_tag-masazer-do-twarzy","product_tag-roller","product_tag-roller-do-twarzy","product_tag-waleczek-do-masazu-twarzy"],"_links":{"self":[{"href":"https:\/\/wp.kista.pl\/index.php\/wp-json\/wp\/v2\/product\/30","targetHints":{"allow":["GET"]}}],"collection":[{"href":"https:\/\/wp.kista.pl\/index.php\/wp-json\/wp\/v2\/product"}],"about":[{"href":"https:\/\/wp.kista.pl\/index.php\/wp-json\/wp\/v2\/types\/product"}],"replies":[{"embeddable":true,"href":"https:\/\/wp.kista.pl\/index.php\/wp-json\/wp\/v2\/comments?post=30"}],"wp:featuredmedia":[{"embeddable":true,"href":"https:\/\/wp.kista.pl\/index.php\/wp-json\/wp\/v2\/media\/31"}],"wp:attachment":[{"href":"https:\/\/wp.kista.pl\/index.php\/wp-json\/wp\/v2\/media?parent=30"}],"curies":[{"name":"wp","href":"https:\/\/api.w.org\/{rel}","templated":true}]}}