{"id":21,"date":"2021-10-14T13:06:28","date_gmt":"2021-10-14T11:06:28","guid":{"rendered":"https:\/\/wp.kista.pl\/?post_type=product&#038;p=21"},"modified":"2022-09-12T16:11:04","modified_gmt":"2022-09-12T14:11:04","slug":"roller-ametystowy-alaya-stone","status":"publish","type":"product","link":"https:\/\/wp.kista.pl\/index.php\/produkt\/roller-ametystowy-alaya-stone\/","title":{"rendered":"Roller ametystowy Alaya Stone"},"content":{"rendered":"<p>Ametyst to magiczny kwarc kt\u00f3ry zosta\u0142 ukszta\u0142towany przez nasz\u0105 planet\u0119 aby uleczy\u0107 energi\u0119 i cia\u0142o. Je\u017celi zmagasz si\u0119 z codzienn\u0105 gonitw\u0105 my\u015bli, przyt\u0142acza Ci\u0119 nadmiar obowi\u0105zk\u00f3w ten kamie\u0144 zosta\u0142 stworzony dla Ciebie. Wspomaga nas poprzez wyciszenie otaczaj\u0105cego nas szumu, w zamian nie wymaga wiele, wystarczy, \u017ce na chwil\u0119 si\u0119 zatrzymasz i skoncentrujesz si\u0119 na rytuale pi\u0119kna jakim od dzi\u015b b\u0119dzie masa\u017c ametystowym rollerem. Jednym z kolejnych pozytyw\u00f3w posiadania w swoim otoczeniu ametystu jest jego moc\u00a0 oczyszczania z negatywnej energii co pomaga w realizacji naszych pragnie\u0144. Ametyst polecany jest w szczeg\u00f3lno\u015bci m\u0142odym mam\u0105 kt\u00f3re w tym okresie szczeg\u00f3lnie potrzebuj\u0105 zachowa\u0107 r\u00f3wnowag\u0119 mi\u0119dzy \u017cyciem rodzinnym a w\u0142asnym &#8222;ja&#8221;.<\/p>\n<p><strong>kamie\u0144:<\/strong> korony i trzeciego oka<br \/>\n<strong>kolor:<\/strong> ametyst fioletowy<br \/>\n<strong>znak zodiaku:<\/strong> Ryby, Wodnik, Baran, Panna, Skorpion<br \/>\n<strong>wymiary masa\u017cera:<\/strong> 15,5 cm wysoko\u015bci na 5,5 cm szeroko\u015bci<br \/>\n<strong>waga:<\/strong> 250 gram<\/p>\n<p><strong>Spos\u00f3b u\u017cycia<\/strong><br \/>\nMasa\u017c mo\u017cesz wykona\u0107 na oczyszczonej twarzy lub na\u0142o\u017cy\u0107 ulubiony olejek b\u0105d\u017a mask\u0119 w p\u0142achcie, nast\u0119pnie wykonaj masa\u017c zaczynaj\u0105c od wn\u0119trza twarzy kieruj\u0105c si\u0119 do zewn\u0119trznej cz\u0119\u015bci, do zam\u00f3wienia otrzymasz instrukcj\u0119 obs\u0142ugi z kt\u00f3rej zawsze mo\u017cesz korzysta\u0107. Dodatkowe ukojenie uzyskasz podczas masa\u017cu zimnym kamieniem, aby to osi\u0105gn\u0105\u0107 w\u0142\u00f3\u017c masa\u017cer do lod\u00f3wki lub zawsze go trzymaj w ch\u0142odnym miejscu, nie b\u0119dziesz musia\u0142a pami\u0119ta\u0107 o sch\u0142odzeniu rollera dzi\u0119ki temu u\u017cyjesz go w chwili gdy tego zapragniesz. Pami\u0119taj aby dba\u0107 o higien\u0119 swojego masa\u017cera. Po piel\u0119gnacji przemyj masa\u017cer wilgotn\u0105 \u015bciereczkom lub pod bie\u017c\u0105c\u0105 wod\u0105, a nast\u0119pnie przetrzyj do sucha.<br \/>\n<strong>Przechowywanie<\/strong><br \/>\nZaleca si\u0119 przechowywanie masa\u017cera w ciemnym miejscu lub w lod\u00f3wce dla spot\u0119gowania dzia\u0142ania, zach\u0119camy przechowywa\u0107 w do\u0142\u0105czonym woreczku. Nara\u017caj\u0105c ametyst na ci\u0105g\u0142e promienie s\u0142oneczne doprowadzi to do odbarwienia.<br \/>\n<strong>Dodatkowe informacje<\/strong><br \/>\nRollery wykonane s\u0105 z naturalnego kamienia dlatego kolory mog\u0105 si\u0119 od siebie r\u00f3\u017cnic. Ametyst wyst\u0119puje w formach zm\u0119tnia\u0142ych, o nier\u00f3wnomiernym zabarwieniu. Zapewniamy jednak, \u017ce ka\u017cdy produkt zostaje przez nas sprawdzony.<\/p>\n","protected":false},"excerpt":{"rendered":"<p><strong>Ametyst &#8211; kamie\u0144 stabilizacji emocjonalnej<\/strong><br \/>\n&#8211; dzia\u0142a koj\u0105co na nasze nerwy w stresuj\u0105cych sytuacjach<br \/>\n&#8211; ametystowy masa\u017cer wykonany zosta\u0142 z naturalnego kamienia o nietuzinkowym kolorze a nast\u0119pnie obrobiony r\u0119cznie<br \/>\n&#8211; przyjemnie zaokr\u0105glona r\u0105czka idealnie le\u017cy w d\u0142oni<br \/>\n&#8211; roller zako\u0144czony miedzianymi ko\u0144c\u00f3wkami w kolorze z\u0142ota<br \/>\n\u2013 do masa\u017cera Alaya Stone do\u0142\u0105czony zostanie elegancji woreczek oraz instrukcj\u0119 obs\u0142ugi<br \/>\n\u2013 wi\u0119cej informacji jak wykorzysta\u0107 nasz masa\u017cer do twarzy znajdziesz na Instagramie Alaya Stone<\/p>\n","protected":false},"featured_media":22,"comment_status":"open","ping_status":"closed","template":"","meta":[],"class_list":["post-21","product","type-product","status-publish","has-post-thumbnail","hentry","product_cat-masazery-do-twarzy","product_tag-ametyst","product_tag-masazer","product_tag-masazer-do-twarzy","product_tag-roller"],"_links":{"self":[{"href":"https:\/\/wp.kista.pl\/index.php\/wp-json\/wp\/v2\/product\/21","targetHints":{"allow":["GET"]}}],"collection":[{"href":"https:\/\/wp.kista.pl\/index.php\/wp-json\/wp\/v2\/product"}],"about":[{"href":"https:\/\/wp.kista.pl\/index.php\/wp-json\/wp\/v2\/types\/product"}],"replies":[{"embeddable":true,"href":"https:\/\/wp.kista.pl\/index.php\/wp-json\/wp\/v2\/comments?post=21"}],"wp:featuredmedia":[{"embeddable":true,"href":"https:\/\/wp.kista.pl\/index.php\/wp-json\/wp\/v2\/media\/22"}],"wp:attachment":[{"href":"https:\/\/wp.kista.pl\/index.php\/wp-json\/wp\/v2\/media?parent=21"}],"curies":[{"name":"wp","href":"https:\/\/api.w.org\/{rel}","templated":true}]}}